posite number?
True
Is 4111 a prime number?
True
Is 89849 composite?
False
Is 222511 a composite number?
False
Is 923 a prime number?
False
Is 3707 a prime number?
False
Is 657007 a composite number?
True
Is 604783 a composite number?
True
Is 18413 prime?
True
Is 11629 a composite number?
True
Is 2351 a prime number?
True
Is 587813 prime?
True
Is 33083 prime?
True
Is 486065 prime?
False
Is 117973 composite?
False
Is 8989 composite?
True
Is 148763 prime?
True
Is 8279 a composite number?
True
Is 517 a composite number?
True
Is 122489 a prime number?
True
Is 355027 a prime number?
True
Is 3199547 composite?
True
Is 106591 a prime number?
True
Is 452077 a composite number?
False
Is 61163 a prime number?
False
Is 308947 a composite number?
True
Is 73651 a composite number?
False
Is 97537 a prime number?
False
Is 126839 a prime number?
True
Is 30297 a prime number?
False
Is 7249 a composite number?
True
Is 287659 a composite number?
True
Is 129 a composite number?
True
Is 188691 a prime number?
False
Is 115151 composite?
False
Is 139067 prime?
True
Is 1101509 composite?
False
Is 94177 prime?
False
Is 9689 prime?
True
Is 19571 a prime number?
True
Is 10211 a composite number?
False
Is 1367 prime?
True
Is 7901 composite?
False
Is 1049 prime?
True
Is 3349 a prime number?
False
Is 421195 a prime number?
False
Is 102369 composite?
True
Is 7411 a composite number?
False
Is 56237 composite?
False
Is 320899 composite?
False
Is 18763 composite?
True
Is 234721 composite?
False
Is 1817 a prime number?
False
Is 4855 a prime number?
False
Is 1698819 prime?
False
Is 65789 a prime number?
True
Is 36291 a composite number?
True
Is 36082 a prime number?
False
Is 2161 composite?
False
Is 17059 prime?
False
Is 8899 composite?
True
Is 2000819 a composite number?
True
Is 50351 a composite number?
True
Is 137905 a prime number?
False
Is 8857 a composite number?
True
Is 1799 composite?
True
Is 2039 a composite number?
False
Is 556007 prime?
True
Is 21211 composite?
False
Is 91621 prime?
True
Is 3473 composite?
True
Is 339919 a composite number?
True
Is 1671 a composite number?
True
Is 908335 prime?
False
Is 158971 a prime number?
False
Is 33311 a composite number?
False
Is 256721 prime?
True
Is 45613 composite?
False
Is 10709 composite?
False
Is 3299 a composite number?
False
Is 2953243 prime?
True
Is 110623 a prime number?
True
Is 439198 a composite number?
True
Is 123343 a prime number?
False
Is 1739279 a composite number?
True
Is 838 composite?
True
Is 33247 a prime number?
True
Is 926897 a composite number?
True
Is 967 a composite number?
False
Is 7607 a composite number?
False
Is 4859 composite?
True
Is 129439 a prime number?
True
Is 214873 a composite number?
True
Is 223 prime?
True
Is 31399 a prime number?
False
Is 2949 a composite number?
True
Is 24503 composite?
True
Is 32177 composite?
True
Is 34531 a prime number?
False
Is 84679 prime?
False
Is 4733 a prime number?
True
Is 39359 prime?
True
Is 94201 composite?
False
Is 521861 a composite number?
False
Is 4751 composite?
False
Is 229282 a prime number?
False
Is 18839 a prime number?
True
Is 14173 prime?
True
Is 22789 a prime number?
False
Is 24251 a prime number?
True
Is 6637 prime?
True
Is 295187 a composite number?
False
Is 13645 a prime number?
False
Is 1847 a prime number?
True
Is 33207 prime?
False
Is 22511 composite?
False
Is 78682 prime?
False
Is 346 composite?
True
Is 493 a prime number?
False
Is 48149 composite?
True
Is 19193 prime?
False
Is 43727 composite?
True
Is 167537 a composite number?
False
Is 497831 composite?
False
Is 625603 prime?
False
Is 30293 composite?
False
Is 953 a prime number?
True
Is 51047 a composite number?
False
Is 325355 a composite number?
True
Is 5711 a composite number?
False
Is 96389 composite?
True
Is 65891 a prime number?
False
Is 3631 a prime number?
True
Is 809623 a composite number?
True
Is 1461 prime?
False
Is 21631 a composite number?
True
Is 541 composite?
False
Is 751 a composite number?
False
Is 3719 a composite number?
False
Is 172015 a prime number?
False
Is 781489 a prime number?
False
Is 1399 a prime number?
True
Is 64399 a composite number?
False
Is 279109 a composite number?
False
Is 5261 composite?
False
Is 816317 prime?
True
Is 1335127 composite?
True
Is 12671 composite?
False
Is 9299 a composite number?
True
Is 40459 a prime number?
True
Is 2191157 a prime number?
False
Is 5923 composite?
False
Is 360589 composite?
False
Is 765899 a composite number?
False
Is 53267 a prime number?
True
Is 314903 a prime number?
True
Is 894379 composite?
True
Is 6449 a prime number?
True
Is 3019 a composite number?
False
Is 258779 a composite number?
False
Is 9613 a prime number?
True
Is 600335 a prime number?
False
Is 4741 a prime number?
False
Is 44153 composite?
True
Is 362137 a prime number?
True
Is 1087 prime?
True
Is 7219 prime?
True
Is 133253 composite?
False
Is 72263 composite?
True
Is 44159 a prime number?
True
Is 82619 a composite number?
False
Is 3779 composite?
False
Is 9781 prime?
True
Is 195883 a prime number?
True
Is 108021 prime?
False
Is 101863 prime?
True
Is 78809 composite?
False
Is 33481 composite?
True
Is 12359 a prime number?
False
Is 22459 composite?
True
Is 5029 composite?
True
Is 4663 a composite number?
False
Is 14143 prime?
True
Is 31373 composite?
True
Is 79141 a prime number?
False
Is 7801 prime?
False
Is 297697 composite?
True
Is 109153 composite?
True
Is 42323 prime?
True
Is 99233 a prime number?
True
Is 266767 a prime number?
True
Is 108627 a prime number?
False
Is 953 a prime number?
True
Is 195071 a composite number?
False
Is 197479 a prime number?
True
Is 856015 a composite number?
True
Is 20561 composite?
True
Is 2518 a prime number?
False
Is 457207 composite?
True
Is 107519 prime?
False
Is 191413 prime?
True
Is 1189567 composite?
False
Is 170849 prime?
False
Is 101539 a composite number?
True
Is 736829 a prime number?
False
Is 6611 a composite number?
True
Is 419651 a prime number?
True
Is 263 composite?
False
Is 158435 prime?
False
Is 20477 a prime number?
True
Is 5993 prime?
False
Is 166099 a composite number?
False
Is 1380217 prime?
False
Is 46219 a composite number?
False
Is 61762 a prime number?
False
Is 33161 a composite number?
False
Is 2701 a composite number?
True
Is 94853 composite?
True
Is 46807 a composite number?
False
Is 1193 a composite number?
False
Is 18019 composite?
True
Is 6449 a composite number?
False
Is 28673 prime?
False
Is 52943 composite?
True
Is 102369 a prime number?
False
Is 107921 prime?
False
Is 12631 a prime number?
False
Is 36082 a composite number?
True
Is 31669 a composite number?
True
Is 3274647 composite?
True
Is 138283 a composite number?
False
Is 85367 a prime number?
False
Is 1579 prime?
True
Is 18949 a composite number?
True
Is 12761 a prime number?
False
Is 44717 a prime number?
False
Is 939019 a prime number?
True
Is 47563 a prime number?
True
Is 108343 composite?
False
Is 2728907 a composite number?
False
Is 668803 prime?
True
Is 388497 a composite number?
True
Is 1313597 composite?
False
Is 97283 a prime number?
True
Is 18595 a composite number?
True
Is 298 composite?
True
Is 916907 composite?
False
Is 11863 prime?
True
Is 7559 prime?
True
Is 43109 a composite number?
True
Is 3805 composite?
True
Is 44633 a composite number?
False
Is 603817 a prime number?
True
Is 1317515 prime?
False
Is 192017 composite?
True
Is 1214 prime?
False
Is 60859 a composite number?
False
Is 77951 prime?
True
Is 395 composite?
True
Is 5905399 composite?
False
Is 457643 a composite number?
False
Is 95591 a prime number?
False
Is 168851 composite?
False
Is 166541 composite?
False
Is 143383 prime?
False
Is 684563 a prime number?
False
Is 1801 a composite number?
False
Is 14081 a composite number?
False
Is 15727 a prime number?
True
Is 67565 a composite number?
True
Is 733741 prime?
True
Is 9619 a prime number?
True
Is 1778111 a composite number?
False
Is 13121 a composite number?
False
Is 1693 a composite number?
False
Is 264023 prime?
False
Is 76894 a composite number?
True
Is 659977 prime?
False
Is 94241 a composite number?
True
Is 28873 composite?
True
Is 20939 a prime number?
True
Is 58991 prime?
True
Is 490249 composite?
False
Is 384519 composite?
True
Is 52853 composite?
True
Is 52807 prime?
True
Is 3671 a com